{"id":152,"date":"2026-03-07T08:34:29","date_gmt":"2026-03-07T08:34:29","guid":{"rendered":"https:\/\/kjp-windt.de\/?page_id=152"},"modified":"2026-03-07T08:42:47","modified_gmt":"2026-03-07T08:42:47","slug":"termine","status":"publish","type":"page","link":"https:\/\/kjp-windt.de\/index.php\/termine\/","title":{"rendered":"Termine"},"content":{"rendered":"\n<div class=\"wp-block-uagb-container uagb-block-a87dab8d alignfull uagb-is-root-container\"><div class=\"uagb-container-inner-blocks-wrap\">\n<p>Neupatienten nehme ich \u00fcber die Wartelisten-Funktion meiner Praxissoftware auf,<br \/>leider l\u00e4sst sich der Text &#8222;Aktuell sind keine freien Therapiepl\u00e4tze vorhanden&#8220; nicht abschalten.<\/p>\n<p>Zurzeit besteht die M\u00f6glichkeit auch zeitnah einen Termin\/Therapieplatz zu erhalten &#8211; an den meisten Tagen ist die Zeit zwischen 13 und 14 Uhr noch nicht belegt.<br \/>Die Wartezeit auf einen regelm\u00e4\u00dfigen Termin, der zu einer sp\u00e4teren Uhrzeit stattfindendet, ist etwas l\u00e4nger; unregelm\u00e4\u00dfig stattfindende Termine (Auff\u00fcllen von abgesagten Terminen) w\u00e4re aktuell m\u00f6glich.<\/p>\n<p>Bei der Registrierung in der Patienten-App m\u00fcssen Name und Geburtsdatum des Patienten\/der Patientin angegeben werden, da diese Angaben in die Praxissoftware \u00fcbernommen werden.<\/p>\n<\/div><\/div>\n\n\n\n<iframe style=\"width:100%;min-height:800px;height:auto;border:none;\" src=\"https:\/\/viewer.epikur-portal.de?id=b070fe6e-f9ea-4903-b139-d8a74d334936\"><\/iframe>\n\n\n\n<p><\/p>\n","protected":false},"excerpt":{"rendered":"<p>Neupatienten nehme ich \u00fcber die Wartelisten-Funktion meiner Praxissoftware auf,leider l\u00e4sst sich der Text &#8222;Aktuell sind keine freien Therapiepl\u00e4tze vorhanden&#8220; nicht abschalten. Zurzeit besteht die M\u00f6glichkeit auch zeitnah einen Termin\/Therapieplatz zu erhalten &#8211; an den meisten Tagen ist die Zeit zwischen 13 und 14 Uhr noch nicht belegt.Die Wartezeit auf einen regelm\u00e4\u00dfigen Termin, der zu einer &hellip; <\/p>\n<p class=\"link-more\"><a href=\"https:\/\/kjp-windt.de\/index.php\/termine\/\" class=\"more-link\"><span class=\"screen-reader-text\">\u201eTermine\u201c <\/span>weiterlesen<\/a><\/p>\n","protected":false},"author":1,"featured_media":0,"parent":0,"menu_order":0,"comment_status":"closed","ping_status":"closed","template":"","meta":{"_uag_custom_page_level_css":"","footnotes":""},"class_list":["post-152","page","type-page","status-publish","hentry"],"uagb_featured_image_src":{"full":false,"thumbnail":false,"medium":false,"medium_large":false,"large":false,"1536x1536":false,"2048x2048":false,"twentyseventeen-featured-image":false,"twentyseventeen-thumbnail-avatar":false},"uagb_author_info":{"display_name":"kjp-windt","author_link":"https:\/\/kjp-windt.de\/index.php\/author\/kjp-windt\/"},"uagb_comment_info":0,"uagb_excerpt":"Neupatienten nehme ich \u00fcber die Wartelisten-Funktion meiner Praxissoftware auf,leider l\u00e4sst sich der Text &#8222;Aktuell sind keine freien Therapiepl\u00e4tze vorhanden&#8220; nicht abschalten. Zurzeit besteht die M\u00f6glichkeit auch zeitnah einen Termin\/Therapieplatz zu erhalten &#8211; an den meisten Tagen ist die Zeit zwischen 13 und 14 Uhr noch nicht belegt.Die Wartezeit auf einen regelm\u00e4\u00dfigen Termin, der zu einer&hellip;","_links":{"self":[{"href":"https:\/\/kjp-windt.de\/index.php\/wp-json\/wp\/v2\/pages\/152","targetHints":{"allow":["GET"]}}],"collection":[{"href":"https:\/\/kjp-windt.de\/index.php\/wp-json\/wp\/v2\/pages"}],"about":[{"href":"https:\/\/kjp-windt.de\/index.php\/wp-json\/wp\/v2\/types\/page"}],"author":[{"embeddable":true,"href":"https:\/\/kjp-windt.de\/index.php\/wp-json\/wp\/v2\/users\/1"}],"replies":[{"embeddable":true,"href":"https:\/\/kjp-windt.de\/index.php\/wp-json\/wp\/v2\/comments?post=152"}],"version-history":[{"count":4,"href":"https:\/\/kjp-windt.de\/index.php\/wp-json\/wp\/v2\/pages\/152\/revisions"}],"predecessor-version":[{"id":158,"href":"https:\/\/kjp-windt.de\/index.php\/wp-json\/wp\/v2\/pages\/152\/revisions\/158"}],"wp:attachment":[{"href":"https:\/\/kjp-windt.de\/index.php\/wp-json\/wp\/v2\/media?parent=152"}],"curies":[{"name":"wp","href":"https:\/\/api.w.org\/{rel}","templated":true}]}}